 41?
37
Suppose -5*k = -2*k + 90. Let z = k + 35. Calculate the remainder when 43 is divided by z.
3
Let h(y) = 27*y + 7. What is the remainder when h(5) is divided by 8/52 - (-3750)/130?
26
Suppose -11*m + 32 = -1. Calculate the remainder when (-27)/m*(-6 - -3) is divided by 5.
2
Let q(y) = 2*y + y**3 + y - y**2 - 2 - 5*y. Suppose -x + 2 = -2*l, 4*x - 5*l = -x + 20. What is the remainder when q(3) is divided by x?
4
Let d(c) = -c**3 - 10*c**2 + 10*c + 2. Suppose -20 = 2*x - 2*t, -4*x - 59 = -3*t - 18. Calculate the remainder when ((-51)/(-4))/(3/12) is divided by d(x).
12
Let s = 21 + -8. Suppose 21*z - 22*z = -s. What is the remainder when ((-32)/(-6) - 2)*15 is divided by z?
11
Let m = 17 + -32. Let x(k) = k**3 + 15*k**2 - 3*k - 31. Calculate the remainder when 41 is divided by x(m).
13
Suppose -120 - 45 = -3*c. Suppose 4*p + 26 = 4*y - 3*y, -2*y + 3*p + 37 = 0. Calculate the remainder when c is divided by y.
13
Let p be (-6)/(-15) - (-84)/15. Let o = 70 - p. Let r = -27 - -49. What is the remainder when o is divided by r?
20
Let m(x) = -11*x - 14*x**2 + 27 + 15*x**2 + 17*x + 17*x. What is the remainder when 12 is divided by m(-22)?
2
Suppose -5*w = -5*v + 355, -64 = -3*v + w + 147. Calculate the remainder when 409 is divided by v.
59
Let r = 5 - 4. Let v be r*(6/2)/1. Suppose -v*p + 21 = -45. What is the remainder when p is divided by 8?
6
Let r = 1168 - 1122. Let f(j) = -j**3 + 5*j**2 + j - 3. Calculate the remainder when r is divided by f(4).
12
Suppose 0 = 7*v - 8*v + 259. Let w be v/42 + 1/(-6). Calculate the remainder when 50 is divided by (26/(-3))/((-4)/w).
11
Let r be (91/7)/(0 + (-2)/(-2)). Suppose -10*w - 27 = -r*w. What is the remainder when 97 is divided by w?
7
Let d(a) = -a**3 + a**2 + 9. Let o be d(0). Suppose -20 + 57 = -5*v - z, -o = 3*v + 5*z. Let y = 18 + v. What is the remainder when 26 is divided by y?
6
Suppose -78 = -2*d + 14. Suppose 19*x = 17*x + 48. Calculate the remainder when d is divided by x.
22
Suppose -4*t = -2*j + 10, -9*j + 15 = -6*j. Suppose t = -3*m - 0*m + 27. Calculate the remainder when -5*(144/(-15))/4 is divided by m.
3
Suppose 3*u + 24 = 9. Let i = -2 - u. Let n = 7 - i. What is the remainder when n is divided by 3?
1
Let k = -433 + 768. What is the remainder when k is divided by 48?
47
Let g be (33/22)/(1/(-26)). What is the remainder when 3 + -4 + 1 - g is divided by 10?
9
Suppose 31*j - 1077 = 845. What is the remainder when 174 is divided by j?
50
Let a = 185 - 100. Suppose -3*t - 5*f = -a, t - 20 = 2*f + 12. Suppose 5*s = -3*n + 45, 2*n - 4*n + 2*s + t = 0. What is the remainder when 73 is divided by n?
13
Calculate the remainder when 35 is divided by 6/(4/26 + (-11)/(-182)).
7
Suppose 870 = p + 297. Calculate the remainder when p is divided by 72.
69
Let i = 34 - 114. Let q be 4/(-12) - (-822)/(-18). Let z = q - i. What is the remainder when 135 is divided by z?
33
Suppose 89 = 3*n + 4*x - 106, 5*n - 351 = 2*x. Suppose -5*o + 178 = 3. What is the remainder when n is divided by o?
34
Suppose -c = -3*c + 4*u + 48, 0 = c - 3*u - 23. What is the remainder when 75 is divided by c?
23
Calculate the remainder when 14*(-3)/((-189)/18) is divided by 3.
1
Let f(o) = 2*o**2 + 3*o - 4. What is the remainder when 55 is divided by f(-5)?
24
Suppose 0*z - 2*z - 4 = 0. Calculate the remainder when z*(13/(-2) + 1) is divided by ((-51)/34)/((-4)/8).
2
Suppose 0 = -3*h - h + 236. Let f(b) = -b**3 - 4*b**2 - 3*b. What is the remainder when h is divided by f(-4)?
11
Suppose 20*m - 3309 = 651. Calculate the remainder when m is divided by 17.
11
Suppose 0*u - 2*u - 2*a - 16 = 0, a = -3*u - 14. What is the remainder when 61 is divided by ((-2)/6)/(u/189*1)?
19
Let a(v) = -8*v**3 + 4*v**2 + 13*v - 7. What is the remainder when a(-3) is divided by 43?
34
Suppose 3*g - 10 = -4. Let c(s) = s**2 - 2*s - 3. Let h be c(-2). Suppose -h*k - 4*i + 5 = 0, 0*i + 15 = -3*i. Calculate the remainder when k is divided by g.
1
Let b(l) = l**3 - 4*l**2 - 5*l - 19. What is the remainder when b(6) is divided by 18?
5
Suppose -11 - 14 = -5*g. Suppose 3*y + k = y + 49, -g*y + 3*k = -95. Let x = y - 12. Calculate the remainder when x is divided by 4.
2
Let w = 106 - 72. Calculate the remainder when 202 is divided by w.
32
Suppose 3*i - 63 = 5*q, -q + 124 = 5*i - 3*q. Suppose 3*p + 5 = i. Let g(y) = -y**3 + 8*y**2 - 3*y - 9. Calculate the remainder when 37 is divided by g(p).
18
What is the remainder when 2*(-31269)/(-56) + 5/20 is divided by 56?
53
Let a be 6/(-39) + 980/(-52). Let r = -21 - a. Let q(t) = -4*t - 1. What is the remainder when 32 is divided by q(r)?
4
Let v = 38 + -38. Suppose 2*r + 39 - 219 = v. Calculate the remainder when r is divided by 23.
21
Suppose 5*f - 87 = 2*x, -4*f + 60 = 5*x - 36. Suppose 2*v + 64 = 3*o, 4*o - 2*v - f - 65 = 0. What is the remainder when o is divided by 3?
2
Let a(f) = 5*f - 5. Let p be a(6). Suppose 0 = -k - 4*k + p. Calculate the remainder when 1*33 - (-2 + k) is divided by 16.
14
Suppose -27*c + 10*c + 833 = 0. What is the remainder when 437 is divided by c?
45
Suppose 2*w = 4*w + 416. Let f = 305 + w. What is the remainder when f is divided by 49?
48
Suppose 22*s - 61*s = -702. Suppose -2*x = x - 159. Calculate the remainder when x is divided by s.
17
Let j = -940 - -943. Let p(i) = 6*i - 34. Let f(y) = -2*y + 11. Let w(q) = -7*f(q) - 2*p(q). Calculate the remainder when j is divided by w(6).
0
Let u = -13 - -24. Let a(d) = 44*d - 540. What is the remainder when a(13) is divided by u?
10
Suppose 4*q = 2*f + 16, 13*f + 3*q = 12*f + 12. Suppose -12*t + 6*t + 96 = f. Calculate the remainder when 63 is divided by t.
15
Let n be (1/(-3))/(9/(-81)). Suppose 5*m - 2*l = 111, 0 = -7*m + 2*m + n*l + 109. What is the remainder when m is divided by 12?
11
Let s(b) = b**3 + 19*b**2 - 18*b + 22. Let y be s(-20). Let o = y + 44. Calculate the remainder when o is divided by 9.
8
Let v be 1 - (-7 + (4 - 1)). Suppose v = -5*d + 50. What is the remainder when 24 is divided by d?
6
Suppose -15 = -4*s + 5*s. Let r = -4 - s. What is the remainder when 30 is divided by r?
8
Let l(v) = -v**2 - 6*v - 4. Suppose 3*c + 15 = 0, -2*c = 5*k - 6*c. What is the remainder when 22 is divided by l(k)?
2
Let n be (-10)/30 + (-13)/(-3). Suppose 3*a = 22 - n. What is the remainder when 33 is divided by a?
3
Let i(g) = g + 1. Let l(n) = 4*n + 14. Let z(k) = 6*i(k) - l(k). Let h be z(6). What is the remainder when 23 is divided by 31/h + (-3)/(-12)?
7
Suppose -3*j = -166 - 119. Calculate the remainder when j is divided by 10.
5
What is the remainder when 1316/20 - (-1)/5 is divided by 18?
12
Let g(a) = -a**2 - 7*a + 5. Let l be -4 - (3 + -16 - -3). Suppose -2*f + 336 = l*f. What is the remainder when f is divided by g(-6)?
9
Let z(g) = 1 + 2*g**2 + 14*g**3 - g + g**2 - 2*g. Suppose -33 = -o + 2*c, 3*o - 2*o - 18 = 5*c. What is the remainder when o is divided by z(1)?
13
Let m(b) = b**2 + 31*b + 131. Calculate the remainder when m(-28) is divided by 27.
20
Suppose 71 = 3*g - 31. Let f(p) = -15*p**3 - p**2 - p - 1. Let v be f(-1). Suppose 6*a - v = 388. What is the remainder when a is divided by g?
33
What is the remainder when ((-4)/1 - (-1 - 6)) + 251 is divided by 83?
5
Let d = -167 - -206. What is the remainder when 128 is divided by d?
11
Suppose -3 = l - 4*l. Calculate the remainder when l/(-2) + 5/2 is divided by 8/6*6/8.
0
Suppose 1561 = 3*y - 5*o, 0*o = -3*y + 2*o + 1555. Calculate the remainder when y is divided by 20.
17
Let d = 253 - 250. Suppose -3*g - 3*h - 3 = 0, -5*g - 4*h + 3 = -h. Let v = g + -1. What is the remainder when d is divided by v?
1
Let j = 26 + -9. Suppose -712*w + 727*w - 75 = 0. What is the remainder when j is divided by w?
2
Suppose -a - 12*a + 182 = 0. What is the remainder when 236 is divided by a?
12
Suppose 0 = -24*d - 45*d + 17871. Suppose 3*v = 85 + 2. Calculate the remainder when d is divided by v.
27
Suppose 0 = -2*r + 16 + 8. Suppose r = 7*a - 51. Calculate the remainder when 50/3 + 2/6 is divided by a.
8
Suppose -33*y - 498 + 1323 = 0. What is the remainder when 397 is divided by y?
22
Let p(j) = j**3 - 2*j. Let d be p(-2). Let g be -3 - ((-16)/d + -9). Suppose 2*r - 3 = -b, 0 = -g*r - 6 - 2. What is the remainder when 32 is divided by b?
10
Let h(x) = 113*x - 288. Let a(n) = 2*n**3 -